 and b.
27
Suppose q - 6342 = -3*y, -8*q + 11*q - 19103 = 2*y. What is the highest common factor of 101 and q?
101
Suppose 6*i = 21 - 3. Let a(j) = 8*j - 10. Let y be a(i). Let q be (-21)/2*(-2 + -2). What is the highest common divisor of q and y?
14
Let r = 7603 + -7052. Calculate the highest common divisor of r and 361.
19
Suppose 125 = -n - 16. Let q = n + 156. Let f(g) = 38*g - 2. Let w be f(4). What is the greatest common divisor of w and q?
15
Let x = 4 - 0. Let y(p) = 922*p - 5520. Let v be y(6). What is the highest common factor of x and v?
4
Let f be (-4)/14*1 - (-1767510)/2583. What is the greatest common factor of 304 and f?
76
Let y be (16/((-448)/60354))/(2/(-8)). Calculate the highest common divisor of 18 and y.
18
Let z(c) = -2*c**3 - 48*c**2 + 105*c + 62. Let g be z(-26). Calculate the greatest common divisor of 123 and g.
3
Suppose o - h - 97 + 9 = 0, 2*o = 3*h + 173. What is the greatest common divisor of o and 161?
7
Let k(a) = 234 + 13 - 295 + 257 - 3*a. Let u be k(35). What is the highest common divisor of u and 13?
13
Suppose 2*d - 4*d - 2 = 0, 5*k - 219 = 4*d. Suppose 30*a - k*a = -52. Suppose -3*x - 2*x + 80 = 0. What is the greatest common factor of x and a?
4
Let j = -35963 + 36154. Calculate the greatest common factor of j and 7067.
191
Let o be -3 + (-2 + 5 - -3). Let y(w) = 29*w**3 + w**2 + w - 2. Let p be y(o). Calculate the greatest common factor of p and 61.
61
Let j(v) = -v**3 + 2*v**2 + 13*v - 6. Let n(u) = 4*u**3 - 2*u**2 + 3*u - 1. Let s be n(1). Let m be j(s). Calculate the highest common factor of 42 and m.
14
Let h = -696 + 394. Let v = 446 + h. Calculate the greatest common factor of 180 and v.
36
Suppose 2*a - 1050 = -3*a. Let s = 603 - 356. Let b = s + -217. Calculate the greatest common divisor of b and a.
30
Suppose 12*v = 17 + 7. Suppose 5 + 2 = i + v*t, -t - 1 = 5*i. Let j be (-71 + i)*1/((-2)/3). Calculate the highest common factor of 12 and j.
12
Let u be 144/120 - (-78)/10. Let t be 6/27 - 2876/(-18). Let j = t + -88. What is the greatest common factor of u and j?
9
Suppose -38*z + 200926 + 133512 = 0. Calculate the greatest common factor of 91 and z.
13
Let i = 214 + -203. Let r be ((-34)/6)/(i/(-330)). Calculate the greatest common factor of 68 and r.
34
Let w(r) = r**2 + 25*r + 134. Let g be w(-26). What is the greatest common divisor of 512 and g?
32
Let y = 16055 - 13086. Calculate the greatest common factor of y and 1.
1
Let w = 1811 + -1756. What is the highest common factor of w and 10?
5
Suppose 0 = -n + 5*h - 294, 9*n - 7*n = -4*h - 644. Let g be n/(-8) + 5/(60/9). Suppose -z + 0*z + 200 = 0. Calculate the highest common factor of z and g.
40
Let g = 1422 - 824. Let i = g + -175. What is the greatest common factor of i and 18?
9
Suppose 0 = -11*r + 6*r - 4*a + 334, -2*r - 3*a = -128. Let g = 8 - 11. Let o be g*-21*(-6)/(-27). What is the greatest common divisor of r and o?
14
Let g be (-104142)/(-85) - (-36)/(-30). What is the highest common divisor of g and 1088?
136
Suppose 0 = 5*n + 5*q - 250, 624*n - 160 = 620*n + 4*q. Calculate the greatest common factor of 459 and n.
9
Let m = -424 - -636. Suppose -218*w + m*w + 342 = 0. What is the highest common factor of 19 and w?
19
Suppose -545 + 0 = 5*n. Let o = -106 - n. Calculate the greatest common factor of 123 and o.
3
Suppose v + 1 = -m, -5*m - 26 = 7*v - 9*v. Let p(z) = -4*z + 9. Let n be p(-3). Calculate the greatest common divisor of v and n.
3
Let m = 67 + -65. Suppose -p - 2*q + q = 3, 4*q + 12 = m*p. Suppose -3*j - 22 + 73 = p. What is the highest common factor of 51 and j?
17
Suppose -903*v = -883*v - 120. What is the highest common factor of v and 582?
6
Let h = -963 + 976. Let i = 30 + -17. What is the greatest common factor of h and i?
13
Let c(t) = 7*t + 1. Let v be c(1). Suppose -12*r + 23*r - 4279 = 0. Let h = r + -325. Calculate the highest common divisor of v and h.
8
Suppose 0 = -5*y - 0*y + 110. Let m(r) = 42*r**3 - 10*r**2 + 23. Let o be m(2). What is the greatest common divisor of o and y?
11
Let z be (-40)/(-6)*48/64. Let h = -4 - -6. Suppose -15 = -z*w + 3*b, -h*w + w - 2*b + 16 = 0. What is the greatest common divisor of 1 and w?
1
Let q be (576 + -592)/((-4)/850). What is the greatest common factor of 40 and q?
40
Suppose 2*o - 184 = h, -3*h - h = -4*o + 364. Suppose -62*b - 70 = -72*b. Suppose 96 + o = b*s. What is the highest common factor of s and 3?
3
Let p(s) = -11*s - 2. Let f(r) = 1. Let z(a) = 6*f(a) + 2*p(a). Suppose 9*i + 3 = 8*i. Let v be z(i). What is the highest common divisor of v and 17?
17
Suppose 2*d = 4*m + 174, 2*d - 96 = 2*m + 4*d. Let h = -48 - m. Let s(i) = -19*i + 8. Let l be s(h). What is the greatest common divisor of 26 and l?
13
Let t = -15768 + 18918. Calculate the greatest common factor of 1000 and t.
50
Suppose -541*j + 2634 = -538*j. Let y = j + -559. Calculate the highest common factor of 116 and y.
29
Let m be (-4961)/(-99) + 8/18*1/(-4). Calculate the greatest common divisor of m and 5650.
50
Let h be 88*30/21 + (-10)/(-35). Suppose -18*b + h = -9*b. What is the highest common divisor of 154 and b?
14
Suppose 345*z - 6711546 = -123*z - 2321238. Calculate the greatest common factor of 636 and z.
159
Let q be 13/208*-6 - 1377828/(-96). What is the highest common factor of q and 69?
69
Suppose -685 = -73*k + 1217 - 296. Let p(q) = -q**3 + 17*q**2 - 13*q - 3. Let r be p(12). What is the highest common factor of r and k?
11
Suppose -12*n + 11319 = -21321. What is the highest common factor of 816 and n?
272
Suppose -49*v - 48 = -41*v. Let c be 119 - ((-14)/6 + (-2)/v). Calculate the highest common factor of 44 and c.
11
Let n be 10 - (-6679 - 20/(-4)) - -6. What is the highest common factor of n and 150?
30
Suppose 3*w = -3*t + 144, 5*t - 90 = -8*w + 6*w. Calculate the highest common factor of w and 75.
25
Let o = 2578 + -2493. What is the greatest common divisor of o and 8755?
85
Suppose 18*w + 621 = -47*w + 1661. Suppose 5*j + 4 + 9 = x, -x + 2*j = -10. What is the highest common divisor of x and w?
8
Let i = -72 + 77. Suppose 0 = -x + z + 30, i*x - 2*x - 102 = -3*z. What is the greatest common divisor of 64 and x?
32
Let h be ((-3)/2)/((-9)/30). Let o be 4/18 - (-3444)/54. Suppose -2*f = h*u - 160, -2*u - f = -2*f - o. What is the highest common divisor of u and 80?
16
Suppose 2*h = -3*m + 3*h + 20, -28 = -3*m - h. Let y(p) = 19*p - 5. Let q be y(4). Let u = q + -55. What is the highest common divisor of m and u?
8
Suppose 51*h - 158 - 607 = 0. Calculate the greatest common divisor of 505 and h.
5
Let l = -34 + 5. Let v be l/(3/(-9)*3). Suppose 117 - v = 2*w. Calculate the highest common factor of 11 and w.
11
Let c be 23 + (6/(-8))/(5/20). Suppose 19*d + 19 = c*d. Calculate the highest common divisor of d and 247.
19
Suppose 4*p - 504 = 2*i, -p + 32*i + 140 = 35*i. Let f(g) = 5*g**2 + 5*g - 4. Let o be f(-5). What is the highest common divisor of p and o?
32
Suppose 31*i - 110 = -79. What is the greatest common factor of i and 2621?
1
Let w(f) = -f**2 - 34*f - 9. Let t be w(-11). Suppose 5*o + 2*x - 1265 = -3*x, -o + t = 4*x. What is the greatest common divisor of o and 16?
16
Let x = -18802 + 19151. Calculate the greatest common divisor of x and 4.
1
Suppose 5*m - l - 1046 = -3*l, 3*l - 425 = -2*m. Suppose -56 = -212*g + m*g. Calculate the highest common divisor of g and 14.
14
Suppose 5*l - 27 = -t, -9*t - 2*l = -5*t - 108. Suppose -10*y + t = -9*y. What is the highest common divisor of 108 and y?
27
Let u = 13359 - 13324. What is the highest common factor of u and 565?
5
Let c be (-4667)/(-195) + -24 - 3601/(-15). Calculate the highest common divisor of c and 1065.
15
Let h = 34 - 18. Let u = 343 - 320. Suppose u*n - 216 = 14*n. What is the highest common divisor of h and n?
8
Let c be 1/(-2)*(-38 + -494). Let u = -245 + c. What is the greatest common divisor of 56 and u?
7
Let m = -349 + 523. Let y(h) = h**2 + 48*h - 1102. Let n be y(-65). Calculate the greatest common factor of n and m.
3
Let n be (3 + 819/(-14))*(-132)/11. Calculate the highest common factor of 90 and n.
18
Let z be 95*(7 - 22/(-11)). Calculate the greatest common factor of z and 315.
45
Let i be 115868/34 + 1079/(-221) + 5. What is the greatest common factor of i and 994?
142
Suppose 78*d = 86*d - 64. 